remainder when 581 is divided by 42.
35
Calculate the remainder when 382 is divided by 17.
8
What is the remainder when 59 is divided by 8?
3
Calculate the remainder when 631 is divided by 50.
31
Calculate the remainder when 160 is divided by 27.
25
What is the remainder when 148 is divided by 33?
16
Calculate the remainder when 656 is divided by 68.
44
What is the remainder when 225 is divided by 43?
10
Calculate the remainder when 1290 is divided by 38.
36
Calculate the remainder when 471 is divided by 247.
224
What is the remainder when 2814 is divided by 88?
86
What is the remainder when 224 is divided by 207?
17
Calculate the remainder when 45 is divided by 27.
18
What is the remainder when 383 is divided by 121?
20
What is the remainder when 50 is divided by 8?
2
What is the remainder when 246 is divided by 36?
30
Calculate the remainder when 232 is divided by 50.
32
What is the remainder when 520 is divided by 13?
0
What is the remainder when 660 is divided by 622?
38
Calculate the remainder when 24 is divided by 13.
11
What is the remainder when 120 is divided by 19?
6
What is the remainder when 223 is divided by 34?
19
What is the remainder when 209 is divided by 110?
99
Calculate the remainder when 584 is divided by 98.
94
Calculate the remainder when 58 is divided by 7.
2
What is the remainder when 433 is divided by 93?
61
Calculate the remainder when 17772 is divided by 202.
198
Calculate the remainder when 421 is divided by 24.
13
Calculate the remainder when 1088 is divided by 257.
60
Calculate the remainder when 264 is divided by 71.
51
What is the remainder when 71 is divided by 26?
19
Calculate the remainder when 671 is divided by 28.
27
What is the remainder when 80 is divided by 39?
2
What is the remainder when 484 is divided by 18?
16
What is the remainder when 78 is divided by 4?
2
What is the remainder when 405 is divided by 38?
25
Calculate the remainder when 2158 is divided by 120.
118
Calculate the remainder when 318 is divided by 318.
0
What is the remainder when 152 is divided by 40?
32
What is the remainder when 469 is divided by 227?
15
Calculate the remainder when 10216 is divided by 78.
76
Calculate the remainder when 94 is divided by 23.
2
Calculate the remainder when 1879 is divided by 19.
17
What is the remainder when 668 is divided by 67?
65
What is the remainder when 33 is divided by 5?
3
Calculate the remainder when 9635 is divided by 132.
131
What is the remainder when 108 is divided by 37?
34
What is the remainder when 1438 is divided by 85?
78
Calculate the remainder when 520 is divided by 29.
27
Calculate the remainder when 103 is divided by 35.
33
Calculate the remainder when 50 is divided by 26.
24
What is the remainder when 834 is divided by 173?
142
Calculate the remainder when 255 is divided by 37.
33
What is the remainder when 186 is divided by 19?
15
What is the remainder when 749 is divided by 97?
70
Calculate the remainder when 207 is divided by 40.
7
Calculate the remainder when 68 is divided by 36.
32
What is the remainder when 231 is divided by 15?
6
What is the remainder when 45 is divided by 17?
11
Calculate the remainder when 228 is divided by 118.
110
What is the remainder when 2067 is divided by 207?
204
Calculate the remainder when 139 is divided by 50.
39
What is the remainder when 1084 is divided by 271?
0
What is the remainder when 465 is divided by 60?
45
What is the remainder when 256 is divided by 70?
46
Calculate the remainder when 287 is divided by 6.
5
What is the remainder when 47 is divided by 16?
15
What is the remainder when 88 is divided by 43?
2
Calculate the remainder when 621 is divided by 12.
9
Calculate the remainder when 3753 is divided by 47.
40
Calculate the remainder when 2966 is divided by 43.
42
Calculate the remainder when 65 is divided by 25.
15
Calculate the remainder when 313 is divided by 53.
48
Calculate the remainder when 803 is divided by 30.
23
What is the remainder when 293 is divided by 4?
1
Calculate the remainder when 173 is divided by 34.
3
What is the remainder when 1850 is divided by 4?
2
Calculate the remainder when 54823 is divided by 255.
253
What is the remainder when 724 is divided by 434?
290
Calculate the remainder when 840 is divided by 18.
12
What is the remainder when 1861 is divided by 7?
6
Calculate the remainder when 198 is divided by 33.
0
Calculate the remainder when 395 is divided by 128.
11
Calculate the remainder when 847 is divided by 50.
47
What is the remainder when 198 is divided by 99?
0
Calculate the remainder when 516 is divided by 37.
35
What is the remainder when 202 is divided by 34?
32
Calculate the remainder when 147 is divided by 17.
11
Calculate the remainder when 675 is divided by 7.
3
Calculate the remainder when 4293 is divided by 18.
9
What is the remainder when 114 is divided by 9?
6
Calculate the remainder when 2442 is divided by 16.
10
What is the remainder when 572 is divided by 12?
8
Calculate the remainder when 131 is divided by 67.
64
Calculate the remainder when 17 is divided by 4.
1
What is the remainder when 3290 is divided by 44?
34
Calculate the remainder when 1805 is divided by 43.
42
What is the remainder when 349 is divided by 24?
13
Calculate the remainder when 316 is divided by 64.
60
Calculate the remainder when 3737 is divided by 85.
82
What is the remainder when 192 is divided by 50?
42
Calculate the remainder when 630 is divided by 34.
18
What is the remainder when 21 is divided by 9?
3
What is the remainder when 2565 is divided by 258?
243
What is the remainder when 2387 is divided by 38?
31
Calculate the remainder when 93 is divided by 42.
9
Calculate the remainder when 102 is divided by 35.
32
Calculate the remainder when 113 is divided by 61.
52
What is the remainder when 371 is divided by 159?
53
Calculate the remainder when 2620 is divided by 69.
67
What is the remainder when 2368 is divided by 18?
10
Calculate the remainder when 26 is divided by 7.
5
Calculate the remainder when 89 is divided by 72.
17
Calculate the remainder when 322 is divided by 30.
22
Calculate the remainder when 311 is divided by 124.
63
What is the remainder when 599 is divided by 75?
74
What is the remainder when 2110 is divided by 16?
14
What is the remainder when 1399 is divided by 233?
1
Calculate the remainder when 118 is divided by 47.
24
What is the remainder when 166 is divided by 12?
10
What is the remainder when 133 is divided by 66?
1
Calculate the remainder when 6636 is divided by 80.
76
What is the remainder when 17 is divided by 8?
1
Calculate the remainder when 784 is divided by 128.
16
Calculate the remainder when 38303 is divided by 57.
56
Calculate the remainder when 78649 is divided by 14.
11
Calculate the remainder when 74 is divided by 11.
8
What is the remainder when 1235 is divided by 27?
20
Calculate the remainder when 505 is divided by 22.
21
What is the remainder when 60 is divided by 7?
4
Calculate the remainder when 1127 is divided by 1096.
31
Calculate the remainder when 226 is divided by 86.
54
What is the remainder when 571 is divided by 17?
10
Calculate the remainder when 2729 is divided by 86.
63
What is the remainder when 17035 is divided by 355?
350
Calculate the remainder when 5792 is divided by 126.
122
Calculate the remainder when 125 is divided by 5.
0
What is the remainder when 959 is divided by 10?
9
What is the remainder when 8710 is divided by 198?
196
What is the remainder when 147 is divided by 38?
33
What is the remainder when 154 is divided by 3?
1
What is the remainder when 72 is divided by 24?
0
What is the remainder when 4437 is divided by 10?
7
Calculate the remainder when 2530 is divided by 6.
4
Calculate the remainder when 2011 is divided by 7.
2
Calculate the remainder when 114 is divided by 23.
22
Calculate the remainder when 1750 is divided by 286.
34
Calculate the remainder when 947 is divided by 5.
2
What is the remainder when 575 is divided by 574?
1
Calculate the remainder when 252 is divided by 22.
10
Calculate the remainder when 698 is divided by 14.
12
What is the remainder when 3638 is divided by 14?
12
What is the remainder when 338 is divided by 20?
18
What is the remainder when 2966 is divided by 23?
22
What is the remainder when 731 is di